{"id":232,"date":"2023-11-15T19:56:44","date_gmt":"2023-11-15T18:56:44","guid":{"rendered":"http:\/\/utuzzone.com\/?page_id=232"},"modified":"2024-06-24T10:07:46","modified_gmt":"2024-06-24T08:07:46","slug":"232-2","status":"publish","type":"page","link":"https:\/\/utuzzone.com\/","title":{"rendered":""},"content":{"rendered":"\n<p class=\"has-small-font-size\">Nous sommes heureux de vous proposer \u00e0 la location 2 villas avec piscine et 2 cabanes-lodges sur une propri\u00e9t\u00e9 d&rsquo;un hectare et demi sans vis \u00e0 vis. <\/p>\n\n\n\n<p class=\"has-small-font-size\">Nos locations sont situ\u00e9es \u00e0 5 minutes du centre-ville de Sainte Lucie de Porto-Vecchio\u2009 et \u00e0 20 minutes de Porto-Vecchio. Entre mer et montagne, L&rsquo;Alta Rocca est le point de chute id\u00e9al pour d\u00e9couvrir ses plages, ses montagnes et ses for\u00eats. <\/p>\n\n\n\n<p class=\"has-small-font-size\">Vous pourrez \u00e9galement d\u00e9couvrir les charmes de Porto-Vecchio (la \u00ab\u2009Cit\u00e9 du Sel\u2009\u00bb) et sa citadelle pittoresque, tout en b\u00e9n\u00e9ficiant de la tranquillit\u00e9 des lieux une fois de retour dans votre villa ou votre Lodge.<\/p>\n\n\n\n<p class=\"has-small-font-size\">Fort d&rsquo;une exp\u00e9rience de plus de 20 ans dans la location estivale, nos locataires appr\u00e9cient particuli\u00e8rement :<\/p>\n\n\n\n<ul>\n<li class=\"has-small-font-size\">Nos prix accessibles <\/li>\n\n\n\n<li class=\"has-small-font-size\">L&#8217;emplacement &#8211; proche de tout mais au calme<\/li>\n\n\n\n<li class=\"has-small-font-size\">La qualit\u00e9 de notre accueil <\/li>\n<\/ul>\n\n\n\n<p><\/p>\n\n\n\n<p><\/p>\n","protected":false},"excerpt":{"rendered":"<p>Nous sommes heureux de vous proposer \u00e0 la location 2 villas avec piscine et 2 cabanes-lodges sur une propri\u00e9t\u00e9 d&rsquo;un hectare et demi sans vis \u00e0 vis. Nos locations sont &hellip; <\/p>\n","protected":false},"author":1,"featured_media":0,"parent":0,"menu_order":0,"comment_status":"closed","ping_status":"closed","template":"","meta":{"footnotes":""},"_links":{"self":[{"href":"https:\/\/utuzzone.com\/index.php\/wp-json\/wp\/v2\/pages\/232"}],"collection":[{"href":"https:\/\/utuzzone.com\/index.php\/wp-json\/wp\/v2\/pages"}],"about":[{"href":"https:\/\/utuzzone.com\/index.php\/wp-json\/wp\/v2\/types\/page"}],"author":[{"embeddable":true,"href":"https:\/\/utuzzone.com\/index.php\/wp-json\/wp\/v2\/users\/1"}],"replies":[{"embeddable":true,"href":"https:\/\/utuzzone.com\/index.php\/wp-json\/wp\/v2\/comments?post=232"}],"version-history":[{"count":10,"href":"https:\/\/utuzzone.com\/index.php\/wp-json\/wp\/v2\/pages\/232\/revisions"}],"predecessor-version":[{"id":444,"href":"https:\/\/utuzzone.com\/index.php\/wp-json\/wp\/v2\/pages\/232\/revisions\/444"}],"wp:attachment":[{"href":"https:\/\/utuzzone.com\/index.php\/wp-json\/wp\/v2\/media?parent=232"}],"curies":[{"name":"wp","href":"https:\/\/api.w.org\/{rel}","templated":true}]}}